{"id":708,"date":"2024-11-26T13:44:42","date_gmt":"2024-11-26T12:44:42","guid":{"rendered":"https:\/\/extwexe.cluster027.hosting.ovh.net\/?page_id=708"},"modified":"2025-01-30T14:06:07","modified_gmt":"2025-01-30T13:06:07","slug":"o-mnie-patrycja-sawicka","status":"publish","type":"page","link":"https:\/\/medspot-torun.pl\/index.php\/gabinety-medyczne-laryngolog-stomatolog\/o-mnie-patrycja-sawicka\/","title":{"rendered":"Protetyk S\u0142uchu &#8211; Patrycja Sawicka"},"content":{"rendered":"\t\t<div data-elementor-type=\"wp-page\" data-elementor-id=\"708\" class=\"elementor elementor-708\" data-elementor-post-type=\"page\">\n\t\t\t\t\t\t<section class=\"elementor-section elementor-top-section elementor-element elementor-element-42c15e44 elementor-section-content-top elementor-reverse-tablet elementor-reverse-mobile elementor-section-boxed elementor-section-height-default elementor-section-height-default\" data-id=\"42c15e44\" data-element_type=\"section\" data-settings=\"{&quot;background_background&quot;:&quot;classic&quot;}\">\n\t\t\t\t\t\t<div class=\"elementor-container elementor-column-gap-wider\">\n\t\t\t\t\t<div class=\"elementor-column elementor-col-50 elementor-top-column elementor-element elementor-element-1de2c76f\" data-id=\"1de2c76f\" data-element_type=\"column\">\n\t\t\t<div class=\"elementor-widget-wrap elementor-element-populated\">\n\t\t\t\t\t\t<div class=\"elementor-element elementor-element-79412002 animated-slow elementor-invisible elementor-widget elementor-widget-heading\" data-id=\"79412002\" data-element_type=\"widget\" data-settings=\"{&quot;_animation&quot;:&quot;fadeInUp&quot;,&quot;_animation_delay&quot;:100}\" data-widget_type=\"heading.default\">\n\t\t\t\t<div class=\"elementor-widget-container\">\n\t\t\t\t\t<h3 class=\"elementor-heading-title elementor-size-default\">Patrycja sawicka <\/h3>\t\t\t\t<\/div>\n\t\t\t\t<\/div>\n\t\t\t\t<div class=\"elementor-element elementor-element-4d8a185d animated-slow elementor-invisible elementor-widget elementor-widget-heading\" data-id=\"4d8a185d\" data-element_type=\"widget\" data-settings=\"{&quot;_animation&quot;:&quot;fadeInUp&quot;}\" data-widget_type=\"heading.default\">\n\t\t\t\t<div class=\"elementor-widget-container\">\n\t\t\t\t\t<h5 class=\"elementor-heading-title elementor-size-default\">protetyk s\u0142uchu og\u00f3lny i dzieci\u0119cy<br> logopeda<br>certyfikowany terapeuta Indywidualnej Stymulacji S\u0142uchu Johansena IAS <br> provider Neuroflow ATS<\/h5>\t\t\t\t<\/div>\n\t\t\t\t<\/div>\n\t\t\t\t<div class=\"elementor-element elementor-element-13e52002 elementor-widget__width-initial elementor-invisible elementor-widget elementor-widget-text-editor\" data-id=\"13e52002\" data-element_type=\"widget\" data-settings=\"{&quot;_animation&quot;:&quot;fadeIn&quot;}\" data-widget_type=\"text-editor.default\">\n\t\t\t\t<div class=\"elementor-widget-container\">\n\t\t\t\t\t\t\t\t\t<p>Uko\u0144czy\u0142am Uniwersytet Miko\u0142aja Kopernika w Toruniu, gdzie obroni\u0142am prac\u0119 magistersk\u0105 na temat wp\u0142ywu ha\u0142asu na s\u0142uch cz\u0142owieka. Nast\u0119pnie zdoby\u0142am wykszta\u0142cenie na Uniwersytecie Adama Mickiewicza w Poznaniu, ko\u0144cz\u0105c studia z zakresu protetyki s\u0142uchu. Kolejnym krokiem w mojej edukacji by\u0142o uko\u0144czenie studi\u00f3w na Uniwersytecie Medycznym im. Karola Marcinkowskiego w Poznaniu, gdzie uzyska\u0142am uprawnienia do diagnostyki niedos\u0142uch\u00f3w u noworodk\u00f3w, w tym przeprowadzania obiektywnych bada\u0144 s\u0142uchu. Dodatkowo w latach 2012-2013 uko\u0144czy\u0142am studia podyplomowe z logopedii na Uniwersytecie Miko\u0142aja Kopernika w Toruniu.<\/p><p>Od 18 lat zajmuj\u0119 si\u0119 osobami z zaburzeniami s\u0142uchu, zdobywaj\u0105c do\u015bwiadczenie w centrach protetyki s\u0142uchu oraz w Poradni Polskiego Zwi\u0105zku G\u0142uchych w Toruniu. Od 13 lat pracuj\u0119 tak\u017ce w Wojew\u00f3dzkim Szpitalu Zespolonym w Toruniu na Oddziale Otolaryngologii dla Dzieci i Doros\u0142ych, gdzie pomagam pacjentom z problemami ze s\u0142uchem.<\/p><p>Specjalizuj\u0119 si\u0119 w diagnozowaniu oraz rehabilitacji os\u00f3b z niedos\u0142uchem, szczeg\u00f3lnie dzieci. W swojej pracy \u0142\u0105cz\u0119 wiedz\u0119 teoretyczn\u0105 z wieloletnim do\u015bwiadczeniem, co pozwala mi skutecznie wspiera\u0107 pacjent\u00f3w w poprawie jako\u015bci ich \u017cycia.<\/p>\t\t\t\t\t\t\t\t<\/div>\n\t\t\t\t<\/div>\n\t\t\t\t\t<\/div>\n\t\t<\/div>\n\t\t\t\t<div class=\"elementor-column elementor-col-50 elementor-top-column elementor-element elementor-element-3de33408\" data-id=\"3de33408\" data-element_type=\"column\">\n\t\t\t<div class=\"elementor-widget-wrap\">\n\t\t\t\t\t\t\t<\/div>\n\t\t<\/div>\n\t\t\t\t\t<\/div>\n\t\t<\/section>\n\t\t\t\t<\/div>\n\t\t","protected":false},"excerpt":{"rendered":"<p>Patrycja sawicka protetyk s\u0142uchu og\u00f3lny i dzieci\u0119cy logopeda certyfikowany terapeuta Indywidualnej Stymulacji S\u0142uchu Johansena IAS provider Neuroflow ATS Uko\u0144czy\u0142am Uniwersytet Miko\u0142aja Kopernika w Toruniu, gdzie obroni\u0142am prac\u0119 magistersk\u0105 na temat [&hellip;]<\/p>\n","protected":false},"author":1,"featured_media":0,"parent":17,"menu_order":0,"comment_status":"closed","ping_status":"closed","template":"page-templates\/template-canvas.php","meta":{"footnotes":""},"class_list":["post-708","page","type-page","status-publish","hentry"],"yoast_head":"<!-- This site is optimized with the Yoast SEO plugin v26.4 - https:\/\/yoast.com\/wordpress\/plugins\/seo\/ -->\n<title>Protetyk S\u0142uchu - Patrycja Sawicka - MedSpot<\/title>\n<meta name=\"description\" content=\"Poznaj nasz zesp\u00f3\u0142 - protetyk s\u0142uchu\" \/>\n<meta name=\"robots\" content=\"index, follow, max-snippet:-1, max-image-preview:large, max-video-preview:-1\" \/>\n<link rel=\"canonical\" href=\"https:\/\/medspot-torun.pl\/index.php\/gabinety-medyczne-laryngolog-stomatolog\/o-mnie-patrycja-sawicka\/\" \/>\n<meta property=\"og:locale\" content=\"pl_PL\" \/>\n<meta property=\"og:type\" content=\"article\" \/>\n<meta property=\"og:title\" content=\"Protetyk S\u0142uchu - Patrycja Sawicka - MedSpot\" \/>\n<meta property=\"og:description\" content=\"Poznaj nasz zesp\u00f3\u0142 - protetyk s\u0142uchu\" \/>\n<meta property=\"og:url\" content=\"https:\/\/medspot-torun.pl\/index.php\/gabinety-medyczne-laryngolog-stomatolog\/o-mnie-patrycja-sawicka\/\" \/>\n<meta property=\"og:site_name\" content=\"MedSpot\" \/>\n<meta property=\"article:modified_time\" content=\"2025-01-30T13:06:07+00:00\" \/>\n<meta name=\"twitter:card\" content=\"summary_large_image\" \/>\n<meta name=\"twitter:label1\" content=\"Szacowany czas czytania\" \/>\n\t<meta name=\"twitter:data1\" content=\"2 minuty\" \/>\n<script type=\"application\/ld+json\" class=\"yoast-schema-graph\">{\"@context\":\"https:\/\/schema.org\",\"@graph\":[{\"@type\":\"WebPage\",\"@id\":\"https:\/\/medspot-torun.pl\/index.php\/gabinety-medyczne-laryngolog-stomatolog\/o-mnie-patrycja-sawicka\/\",\"url\":\"https:\/\/medspot-torun.pl\/index.php\/gabinety-medyczne-laryngolog-stomatolog\/o-mnie-patrycja-sawicka\/\",\"name\":\"Protetyk S\u0142uchu - Patrycja Sawicka - MedSpot\",\"isPartOf\":{\"@id\":\"https:\/\/medspot-torun.pl\/#website\"},\"datePublished\":\"2024-11-26T12:44:42+00:00\",\"dateModified\":\"2025-01-30T13:06:07+00:00\",\"description\":\"Poznaj nasz zesp\u00f3\u0142 - protetyk s\u0142uchu\",\"breadcrumb\":{\"@id\":\"https:\/\/medspot-torun.pl\/index.php\/gabinety-medyczne-laryngolog-stomatolog\/o-mnie-patrycja-sawicka\/#breadcrumb\"},\"inLanguage\":\"pl-PL\",\"potentialAction\":[{\"@type\":\"ReadAction\",\"target\":[\"https:\/\/medspot-torun.pl\/index.php\/gabinety-medyczne-laryngolog-stomatolog\/o-mnie-patrycja-sawicka\/\"]}]},{\"@type\":\"BreadcrumbList\",\"@id\":\"https:\/\/medspot-torun.pl\/index.php\/gabinety-medyczne-laryngolog-stomatolog\/o-mnie-patrycja-sawicka\/#breadcrumb\",\"itemListElement\":[{\"@type\":\"ListItem\",\"position\":1,\"name\":\"Strona g\u0142\u00f3wna\",\"item\":\"https:\/\/medspot-torun.pl\/\"},{\"@type\":\"ListItem\",\"position\":2,\"name\":\"Strona G\u0142\u00f3wna\",\"item\":\"https:\/\/medspot-torun.pl\/\"},{\"@type\":\"ListItem\",\"position\":3,\"name\":\"Protetyk S\u0142uchu &#8211; Patrycja Sawicka\"}]},{\"@type\":\"WebSite\",\"@id\":\"https:\/\/medspot-torun.pl\/#website\",\"url\":\"https:\/\/medspot-torun.pl\/\",\"name\":\"MedSpot\",\"description\":\"gabinety medyczne\",\"publisher\":{\"@id\":\"https:\/\/medspot-torun.pl\/#organization\"},\"potentialAction\":[{\"@type\":\"SearchAction\",\"target\":{\"@type\":\"EntryPoint\",\"urlTemplate\":\"https:\/\/medspot-torun.pl\/?s={search_term_string}\"},\"query-input\":{\"@type\":\"PropertyValueSpecification\",\"valueRequired\":true,\"valueName\":\"search_term_string\"}}],\"inLanguage\":\"pl-PL\"},{\"@type\":\"Organization\",\"@id\":\"https:\/\/medspot-torun.pl\/#organization\",\"name\":\"MedSpot\",\"url\":\"https:\/\/medspot-torun.pl\/\",\"logo\":{\"@type\":\"ImageObject\",\"inLanguage\":\"pl-PL\",\"@id\":\"https:\/\/medspot-torun.pl\/#\/schema\/logo\/image\/\",\"url\":\"https:\/\/medspot-torun.pl\/wp-content\/uploads\/2024\/09\/Srebrny-Kuchnia-Restauracja-Ulotka-e1730207827202.png\",\"contentUrl\":\"https:\/\/medspot-torun.pl\/wp-content\/uploads\/2024\/09\/Srebrny-Kuchnia-Restauracja-Ulotka-e1730207827202.png\",\"width\":1413,\"height\":636,\"caption\":\"MedSpot\"},\"image\":{\"@id\":\"https:\/\/medspot-torun.pl\/#\/schema\/logo\/image\/\"}}]}<\/script>\n<!-- \/ Yoast SEO plugin. -->","yoast_head_json":{"title":"Protetyk S\u0142uchu - Patrycja Sawicka - MedSpot","description":"Poznaj nasz zesp\u00f3\u0142 - protetyk s\u0142uchu","robots":{"index":"index","follow":"follow","max-snippet":"max-snippet:-1","max-image-preview":"max-image-preview:large","max-video-preview":"max-video-preview:-1"},"canonical":"https:\/\/medspot-torun.pl\/index.php\/gabinety-medyczne-laryngolog-stomatolog\/o-mnie-patrycja-sawicka\/","og_locale":"pl_PL","og_type":"article","og_title":"Protetyk S\u0142uchu - Patrycja Sawicka - MedSpot","og_description":"Poznaj nasz zesp\u00f3\u0142 - protetyk s\u0142uchu","og_url":"https:\/\/medspot-torun.pl\/index.php\/gabinety-medyczne-laryngolog-stomatolog\/o-mnie-patrycja-sawicka\/","og_site_name":"MedSpot","article_modified_time":"2025-01-30T13:06:07+00:00","twitter_card":"summary_large_image","twitter_misc":{"Szacowany czas czytania":"2 minuty"},"schema":{"@context":"https:\/\/schema.org","@graph":[{"@type":"WebPage","@id":"https:\/\/medspot-torun.pl\/index.php\/gabinety-medyczne-laryngolog-stomatolog\/o-mnie-patrycja-sawicka\/","url":"https:\/\/medspot-torun.pl\/index.php\/gabinety-medyczne-laryngolog-stomatolog\/o-mnie-patrycja-sawicka\/","name":"Protetyk S\u0142uchu - Patrycja Sawicka - MedSpot","isPartOf":{"@id":"https:\/\/medspot-torun.pl\/#website"},"datePublished":"2024-11-26T12:44:42+00:00","dateModified":"2025-01-30T13:06:07+00:00","description":"Poznaj nasz zesp\u00f3\u0142 - protetyk s\u0142uchu","breadcrumb":{"@id":"https:\/\/medspot-torun.pl\/index.php\/gabinety-medyczne-laryngolog-stomatolog\/o-mnie-patrycja-sawicka\/#breadcrumb"},"inLanguage":"pl-PL","potentialAction":[{"@type":"ReadAction","target":["https:\/\/medspot-torun.pl\/index.php\/gabinety-medyczne-laryngolog-stomatolog\/o-mnie-patrycja-sawicka\/"]}]},{"@type":"BreadcrumbList","@id":"https:\/\/medspot-torun.pl\/index.php\/gabinety-medyczne-laryngolog-stomatolog\/o-mnie-patrycja-sawicka\/#breadcrumb","itemListElement":[{"@type":"ListItem","position":1,"name":"Strona g\u0142\u00f3wna","item":"https:\/\/medspot-torun.pl\/"},{"@type":"ListItem","position":2,"name":"Strona G\u0142\u00f3wna","item":"https:\/\/medspot-torun.pl\/"},{"@type":"ListItem","position":3,"name":"Protetyk S\u0142uchu &#8211; Patrycja Sawicka"}]},{"@type":"WebSite","@id":"https:\/\/medspot-torun.pl\/#website","url":"https:\/\/medspot-torun.pl\/","name":"MedSpot","description":"gabinety medyczne","publisher":{"@id":"https:\/\/medspot-torun.pl\/#organization"},"potentialAction":[{"@type":"SearchAction","target":{"@type":"EntryPoint","urlTemplate":"https:\/\/medspot-torun.pl\/?s={search_term_string}"},"query-input":{"@type":"PropertyValueSpecification","valueRequired":true,"valueName":"search_term_string"}}],"inLanguage":"pl-PL"},{"@type":"Organization","@id":"https:\/\/medspot-torun.pl\/#organization","name":"MedSpot","url":"https:\/\/medspot-torun.pl\/","logo":{"@type":"ImageObject","inLanguage":"pl-PL","@id":"https:\/\/medspot-torun.pl\/#\/schema\/logo\/image\/","url":"https:\/\/medspot-torun.pl\/wp-content\/uploads\/2024\/09\/Srebrny-Kuchnia-Restauracja-Ulotka-e1730207827202.png","contentUrl":"https:\/\/medspot-torun.pl\/wp-content\/uploads\/2024\/09\/Srebrny-Kuchnia-Restauracja-Ulotka-e1730207827202.png","width":1413,"height":636,"caption":"MedSpot"},"image":{"@id":"https:\/\/medspot-torun.pl\/#\/schema\/logo\/image\/"}}]}},"_links":{"self":[{"href":"https:\/\/medspot-torun.pl\/index.php\/wp-json\/wp\/v2\/pages\/708","targetHints":{"allow":["GET"]}}],"collection":[{"href":"https:\/\/medspot-torun.pl\/index.php\/wp-json\/wp\/v2\/pages"}],"about":[{"href":"https:\/\/medspot-torun.pl\/index.php\/wp-json\/wp\/v2\/types\/page"}],"author":[{"embeddable":true,"href":"https:\/\/medspot-torun.pl\/index.php\/wp-json\/wp\/v2\/users\/1"}],"replies":[{"embeddable":true,"href":"https:\/\/medspot-torun.pl\/index.php\/wp-json\/wp\/v2\/comments?post=708"}],"version-history":[{"count":14,"href":"https:\/\/medspot-torun.pl\/index.php\/wp-json\/wp\/v2\/pages\/708\/revisions"}],"predecessor-version":[{"id":939,"href":"https:\/\/medspot-torun.pl\/index.php\/wp-json\/wp\/v2\/pages\/708\/revisions\/939"}],"up":[{"embeddable":true,"href":"https:\/\/medspot-torun.pl\/index.php\/wp-json\/wp\/v2\/pages\/17"}],"wp:attachment":[{"href":"https:\/\/medspot-torun.pl\/index.php\/wp-json\/wp\/v2\/media?parent=708"}],"curies":[{"name":"wp","href":"https:\/\/api.w.org\/{rel}","templated":true}]}}