{"id":493,"date":"2024-10-23T15:53:48","date_gmt":"2024-10-23T13:53:48","guid":{"rendered":"https:\/\/extwexe.cluster027.hosting.ovh.net\/?page_id=493"},"modified":"2025-01-30T14:03:43","modified_gmt":"2025-01-30T13:03:43","slug":"o-mnie-lek-dent-marcin-kusz","status":"publish","type":"page","link":"https:\/\/medspot-torun.pl\/index.php\/o-mnie-lek-dent-marcin-kusz\/","title":{"rendered":"lek. dent. Marcin Kusz"},"content":{"rendered":"\t\t<div data-elementor-type=\"wp-page\" data-elementor-id=\"493\" class=\"elementor elementor-493\" data-elementor-post-type=\"page\">\n\t\t\t\t\t\t<section class=\"elementor-section elementor-top-section elementor-element elementor-element-2029723 elementor-section-content-top elementor-reverse-tablet elementor-reverse-mobile elementor-section-boxed elementor-section-height-default elementor-section-height-default\" data-id=\"2029723\" data-element_type=\"section\" data-settings=\"{&quot;background_background&quot;:&quot;classic&quot;}\">\n\t\t\t\t\t\t<div class=\"elementor-container elementor-column-gap-wider\">\n\t\t\t\t\t<div class=\"elementor-column elementor-col-50 elementor-top-column elementor-element elementor-element-1945e67d\" data-id=\"1945e67d\" data-element_type=\"column\">\n\t\t\t<div class=\"elementor-widget-wrap elementor-element-populated\">\n\t\t\t\t\t\t<div class=\"elementor-element elementor-element-3b722581 animated-slow elementor-invisible elementor-widget elementor-widget-heading\" data-id=\"3b722581\" data-element_type=\"widget\" data-settings=\"{&quot;_animation&quot;:&quot;fadeInUp&quot;,&quot;_animation_delay&quot;:100}\" data-widget_type=\"heading.default\">\n\t\t\t\t<div class=\"elementor-widget-container\">\n\t\t\t\t\t<h3 class=\"elementor-heading-title elementor-size-default\">LEK. DENT. MARCIN KUSZ<\/h3>\t\t\t\t<\/div>\n\t\t\t\t<\/div>\n\t\t\t\t<div class=\"elementor-element elementor-element-433f375f animated-slow elementor-invisible elementor-widget elementor-widget-heading\" data-id=\"433f375f\" data-element_type=\"widget\" data-settings=\"{&quot;_animation&quot;:&quot;fadeInUp&quot;}\" data-widget_type=\"heading.default\">\n\t\t\t\t<div class=\"elementor-widget-container\">\n\t\t\t\t\t<h5 class=\"elementor-heading-title elementor-size-default\">CHIRURG SZCZ\u0118KOWO-TWARZOWY<\/h5>\t\t\t\t<\/div>\n\t\t\t\t<\/div>\n\t\t\t\t<div class=\"elementor-element elementor-element-3035ca72 elementor-invisible elementor-widget elementor-widget-text-editor\" data-id=\"3035ca72\" data-element_type=\"widget\" data-settings=\"{&quot;_animation&quot;:&quot;fadeIn&quot;}\" data-widget_type=\"text-editor.default\">\n\t\t\t\t<div class=\"elementor-widget-container\">\n\t\t\t\t\t\t\t\t\t<p>Uko\u0144czy\u0142em Uniwersytet Medyczny im. Karola Marcinkowskiego w Poznaniu w 2012r.<br \/>W latach 2015-2021r. odbywa\u0142em szkolenie specjalizacyjne w zakresie chirurgii szcz\u0119kowo-twarzowej w Oddziale Klinicznym Chirurgii Szcz\u0119kowo-Twarzowej w Toruniu.<br \/>Tytu\u0142 specjalisty uzyska\u0142am w kwietniu 2021r.<br \/>Od 2015 na co dzie\u0144 jestem pracownikiem Oddzia\u0142u Klinicznego Chirurgii Szcz\u0119kowo- Twarzowej oraz Poradni Chirurgii Szcz\u0119kowo- Twarzowej w Toruniu gdzie pe\u0142ni\u0119 stanowisko Starszego Asystenta.<br \/>Moj\u0105 pasj\u0105 jest chirurgia ortognatyczna.<br \/>W gabinecie stomatologicznym wykonuj\u0119 zabiegi z zakresu implantologii, regeneracji ko\u015bci, chirurgii stomatologicznej (chirurgiczne usuwanie z\u0119b\u00f3w, usuwanie z\u0119b\u00f3w \u00f3smych), periodontologii(pokrywanie recesji dzi\u0105se\u0142) oraz protetyki stomatologicznej (korony, mosty oraz odbudowa brak\u00f3w z\u0119bowych na implantach, uzupe\u0142nienia ca\u0142o\u015bci uz\u0119bienia u pacjent\u00f3w bezz\u0119bnych)<br \/>Ca\u0142y czas poszerzam swoj\u0105 wiedz\u0119 i umiej\u0119tno\u015bci poprzez uczestnictwo w szkoleniach, kursach, konferencjach.<br \/>Jestem cz\u0142onkiem Polskiego Towarzystwa Chirurgii Czaszkowo-Szcz\u0119kowo-Twarzowej; Polskiego Towarzystwa Chirurgii Stomatologicznej i Szcz\u0119kowo-Twarzowej oraz EACMFS (European Association for Cranio Maxillofacial Surgery).<\/p>\t\t\t\t\t\t\t\t<\/div>\n\t\t\t\t<\/div>\n\t\t\t\t<div class=\"elementor-element elementor-element-6d10c76 elementor-mobile-align-center elementor-align-left elementor-tablet-align-center elementor-invisible elementor-widget elementor-widget-button\" data-id=\"6d10c76\" data-element_type=\"widget\" data-settings=\"{&quot;_animation&quot;:&quot;fadeInUp&quot;}\" data-widget_type=\"button.default\">\n\t\t\t\t<div class=\"elementor-widget-container\">\n\t\t\t\t\t\t\t\t\t<div class=\"elementor-button-wrapper\">\n\t\t\t\t\t<a class=\"elementor-button elementor-button-link elementor-size-sm\" href=\"https:\/\/www.znanylekarz.pl\/marcin-kusz\/chirurg-szczekowy\/torun\">\n\t\t\t\t\t\t<span class=\"elementor-button-content-wrapper\">\n\t\t\t\t\t\t\t\t\t<span class=\"elementor-button-text\">Um\u00f3w wizyt\u0119<\/span>\n\t\t\t\t\t<\/span>\n\t\t\t\t\t<\/a>\n\t\t\t\t<\/div>\n\t\t\t\t\t\t\t\t<\/div>\n\t\t\t\t<\/div>\n\t\t\t\t\t<\/div>\n\t\t<\/div>\n\t\t\t\t<div class=\"elementor-column elementor-col-50 elementor-top-column elementor-element elementor-element-2d60d5d3\" data-id=\"2d60d5d3\" data-element_type=\"column\">\n\t\t\t<div class=\"elementor-widget-wrap elementor-element-populated\">\n\t\t\t\t\t\t<div class=\"elementor-element elementor-element-3deebd9 elementor-widget elementor-widget-image\" data-id=\"3deebd9\" data-element_type=\"widget\" data-widget_type=\"image.default\">\n\t\t\t\t<div class=\"elementor-widget-container\">\n\t\t\t\t\t\t\t\t\t\t\t\t\t\t\t<img fetchpriority=\"high\" decoding=\"async\" width=\"408\" height=\"408\" src=\"https:\/\/medspot-torun.pl\/wp-content\/uploads\/2024\/10\/pan-dr-2.jpeg\" class=\"attachment-large size-large wp-image-496\" alt=\"\" srcset=\"https:\/\/medspot-torun.pl\/wp-content\/uploads\/2024\/10\/pan-dr-2.jpeg 408w, https:\/\/medspot-torun.pl\/wp-content\/uploads\/2024\/10\/pan-dr-2-300x300.jpeg 300w, https:\/\/medspot-torun.pl\/wp-content\/uploads\/2024\/10\/pan-dr-2-150x150.jpeg 150w, https:\/\/medspot-torun.pl\/wp-content\/uploads\/2024\/10\/pan-dr-2-380x380.jpeg 380w\" sizes=\"(max-width: 408px) 100vw, 408px\" \/>\t\t\t\t\t\t\t\t\t\t\t\t\t\t\t<\/div>\n\t\t\t\t<\/div>\n\t\t\t\t\t<\/div>\n\t\t<\/div>\n\t\t\t\t\t<\/div>\n\t\t<\/section>\n\t\t\t\t<\/div>\n\t\t","protected":false},"excerpt":{"rendered":"<p>LEK. DENT. MARCIN KUSZ CHIRURG SZCZ\u0118KOWO-TWARZOWY Uko\u0144czy\u0142em Uniwersytet Medyczny im. Karola Marcinkowskiego w Poznaniu w 2012r. W latach 2015-2021r. odbywa\u0142em szkolenie specjalizacyjne w zakresie chirurgii szcz\u0119kowo-twarzowej w Oddziale Klinicznym Chirurgii [&hellip;]<\/p>\n","protected":false},"author":1,"featured_media":0,"parent":0,"menu_order":0,"comment_status":"closed","ping_status":"closed","template":"page-templates\/template-canvas.php","meta":{"footnotes":""},"class_list":["post-493","page","type-page","status-publish","hentry"],"yoast_head":"<!-- This site is optimized with the Yoast SEO plugin v26.4 - https:\/\/yoast.com\/wordpress\/plugins\/seo\/ -->\n<title>lek. dent. Marcin Kusz - MedSpot<\/title>\n<meta name=\"description\" content=\"Chirurg szcz\u0119kowo twarzowy, Toru\u0144, Marcin Kusz, implanty, protetyka\" \/>\n<meta name=\"robots\" content=\"index, follow, max-snippet:-1, max-image-preview:large, max-video-preview:-1\" \/>\n<link rel=\"canonical\" href=\"https:\/\/medspot-torun.pl\/index.php\/o-mnie-lek-dent-marcin-kusz\/\" \/>\n<meta property=\"og:locale\" content=\"pl_PL\" \/>\n<meta property=\"og:type\" content=\"article\" \/>\n<meta property=\"og:title\" content=\"lek. dent. Marcin Kusz - MedSpot\" \/>\n<meta property=\"og:description\" content=\"Chirurg szcz\u0119kowo twarzowy, Toru\u0144, Marcin Kusz, implanty, protetyka\" \/>\n<meta property=\"og:url\" content=\"https:\/\/medspot-torun.pl\/index.php\/o-mnie-lek-dent-marcin-kusz\/\" \/>\n<meta property=\"og:site_name\" content=\"MedSpot\" \/>\n<meta property=\"article:modified_time\" content=\"2025-01-30T13:03:43+00:00\" \/>\n<meta property=\"og:image\" content=\"https:\/\/extwexe.cluster027.hosting.ovh.net\/wp-content\/uploads\/2024\/10\/pan-dr-2.jpeg\" \/>\n<meta name=\"twitter:card\" content=\"summary_large_image\" \/>\n<meta name=\"twitter:label1\" content=\"Szacowany czas czytania\" \/>\n\t<meta name=\"twitter:data1\" content=\"2 minuty\" \/>\n<script type=\"application\/ld+json\" class=\"yoast-schema-graph\">{\"@context\":\"https:\/\/schema.org\",\"@graph\":[{\"@type\":\"WebPage\",\"@id\":\"https:\/\/medspot-torun.pl\/index.php\/o-mnie-lek-dent-marcin-kusz\/\",\"url\":\"https:\/\/medspot-torun.pl\/index.php\/o-mnie-lek-dent-marcin-kusz\/\",\"name\":\"lek. dent. Marcin Kusz - MedSpot\",\"isPartOf\":{\"@id\":\"https:\/\/medspot-torun.pl\/#website\"},\"primaryImageOfPage\":{\"@id\":\"https:\/\/medspot-torun.pl\/index.php\/o-mnie-lek-dent-marcin-kusz\/#primaryimage\"},\"image\":{\"@id\":\"https:\/\/medspot-torun.pl\/index.php\/o-mnie-lek-dent-marcin-kusz\/#primaryimage\"},\"thumbnailUrl\":\"https:\/\/extwexe.cluster027.hosting.ovh.net\/wp-content\/uploads\/2024\/10\/pan-dr-2.jpeg\",\"datePublished\":\"2024-10-23T13:53:48+00:00\",\"dateModified\":\"2025-01-30T13:03:43+00:00\",\"description\":\"Chirurg szcz\u0119kowo twarzowy, Toru\u0144, Marcin Kusz, implanty, protetyka\",\"breadcrumb\":{\"@id\":\"https:\/\/medspot-torun.pl\/index.php\/o-mnie-lek-dent-marcin-kusz\/#breadcrumb\"},\"inLanguage\":\"pl-PL\",\"potentialAction\":[{\"@type\":\"ReadAction\",\"target\":[\"https:\/\/medspot-torun.pl\/index.php\/o-mnie-lek-dent-marcin-kusz\/\"]}]},{\"@type\":\"ImageObject\",\"inLanguage\":\"pl-PL\",\"@id\":\"https:\/\/medspot-torun.pl\/index.php\/o-mnie-lek-dent-marcin-kusz\/#primaryimage\",\"url\":\"https:\/\/extwexe.cluster027.hosting.ovh.net\/wp-content\/uploads\/2024\/10\/pan-dr-2.jpeg\",\"contentUrl\":\"https:\/\/extwexe.cluster027.hosting.ovh.net\/wp-content\/uploads\/2024\/10\/pan-dr-2.jpeg\"},{\"@type\":\"BreadcrumbList\",\"@id\":\"https:\/\/medspot-torun.pl\/index.php\/o-mnie-lek-dent-marcin-kusz\/#breadcrumb\",\"itemListElement\":[{\"@type\":\"ListItem\",\"position\":1,\"name\":\"Strona g\u0142\u00f3wna\",\"item\":\"https:\/\/medspot-torun.pl\/\"},{\"@type\":\"ListItem\",\"position\":2,\"name\":\"lek. dent. Marcin Kusz\"}]},{\"@type\":\"WebSite\",\"@id\":\"https:\/\/medspot-torun.pl\/#website\",\"url\":\"https:\/\/medspot-torun.pl\/\",\"name\":\"MedSpot\",\"description\":\"gabinety medyczne\",\"publisher\":{\"@id\":\"https:\/\/medspot-torun.pl\/#organization\"},\"potentialAction\":[{\"@type\":\"SearchAction\",\"target\":{\"@type\":\"EntryPoint\",\"urlTemplate\":\"https:\/\/medspot-torun.pl\/?s={search_term_string}\"},\"query-input\":{\"@type\":\"PropertyValueSpecification\",\"valueRequired\":true,\"valueName\":\"search_term_string\"}}],\"inLanguage\":\"pl-PL\"},{\"@type\":\"Organization\",\"@id\":\"https:\/\/medspot-torun.pl\/#organization\",\"name\":\"MedSpot\",\"url\":\"https:\/\/medspot-torun.pl\/\",\"logo\":{\"@type\":\"ImageObject\",\"inLanguage\":\"pl-PL\",\"@id\":\"https:\/\/medspot-torun.pl\/#\/schema\/logo\/image\/\",\"url\":\"https:\/\/medspot-torun.pl\/wp-content\/uploads\/2024\/09\/Srebrny-Kuchnia-Restauracja-Ulotka-e1730207827202.png\",\"contentUrl\":\"https:\/\/medspot-torun.pl\/wp-content\/uploads\/2024\/09\/Srebrny-Kuchnia-Restauracja-Ulotka-e1730207827202.png\",\"width\":1413,\"height\":636,\"caption\":\"MedSpot\"},\"image\":{\"@id\":\"https:\/\/medspot-torun.pl\/#\/schema\/logo\/image\/\"}}]}<\/script>\n<!-- \/ Yoast SEO plugin. -->","yoast_head_json":{"title":"lek. dent. Marcin Kusz - MedSpot","description":"Chirurg szcz\u0119kowo twarzowy, Toru\u0144, Marcin Kusz, implanty, protetyka","robots":{"index":"index","follow":"follow","max-snippet":"max-snippet:-1","max-image-preview":"max-image-preview:large","max-video-preview":"max-video-preview:-1"},"canonical":"https:\/\/medspot-torun.pl\/index.php\/o-mnie-lek-dent-marcin-kusz\/","og_locale":"pl_PL","og_type":"article","og_title":"lek. dent. Marcin Kusz - MedSpot","og_description":"Chirurg szcz\u0119kowo twarzowy, Toru\u0144, Marcin Kusz, implanty, protetyka","og_url":"https:\/\/medspot-torun.pl\/index.php\/o-mnie-lek-dent-marcin-kusz\/","og_site_name":"MedSpot","article_modified_time":"2025-01-30T13:03:43+00:00","og_image":[{"url":"https:\/\/extwexe.cluster027.hosting.ovh.net\/wp-content\/uploads\/2024\/10\/pan-dr-2.jpeg","type":"","width":"","height":""}],"twitter_card":"summary_large_image","twitter_misc":{"Szacowany czas czytania":"2 minuty"},"schema":{"@context":"https:\/\/schema.org","@graph":[{"@type":"WebPage","@id":"https:\/\/medspot-torun.pl\/index.php\/o-mnie-lek-dent-marcin-kusz\/","url":"https:\/\/medspot-torun.pl\/index.php\/o-mnie-lek-dent-marcin-kusz\/","name":"lek. dent. Marcin Kusz - MedSpot","isPartOf":{"@id":"https:\/\/medspot-torun.pl\/#website"},"primaryImageOfPage":{"@id":"https:\/\/medspot-torun.pl\/index.php\/o-mnie-lek-dent-marcin-kusz\/#primaryimage"},"image":{"@id":"https:\/\/medspot-torun.pl\/index.php\/o-mnie-lek-dent-marcin-kusz\/#primaryimage"},"thumbnailUrl":"https:\/\/extwexe.cluster027.hosting.ovh.net\/wp-content\/uploads\/2024\/10\/pan-dr-2.jpeg","datePublished":"2024-10-23T13:53:48+00:00","dateModified":"2025-01-30T13:03:43+00:00","description":"Chirurg szcz\u0119kowo twarzowy, Toru\u0144, Marcin Kusz, implanty, protetyka","breadcrumb":{"@id":"https:\/\/medspot-torun.pl\/index.php\/o-mnie-lek-dent-marcin-kusz\/#breadcrumb"},"inLanguage":"pl-PL","potentialAction":[{"@type":"ReadAction","target":["https:\/\/medspot-torun.pl\/index.php\/o-mnie-lek-dent-marcin-kusz\/"]}]},{"@type":"ImageObject","inLanguage":"pl-PL","@id":"https:\/\/medspot-torun.pl\/index.php\/o-mnie-lek-dent-marcin-kusz\/#primaryimage","url":"https:\/\/extwexe.cluster027.hosting.ovh.net\/wp-content\/uploads\/2024\/10\/pan-dr-2.jpeg","contentUrl":"https:\/\/extwexe.cluster027.hosting.ovh.net\/wp-content\/uploads\/2024\/10\/pan-dr-2.jpeg"},{"@type":"BreadcrumbList","@id":"https:\/\/medspot-torun.pl\/index.php\/o-mnie-lek-dent-marcin-kusz\/#breadcrumb","itemListElement":[{"@type":"ListItem","position":1,"name":"Strona g\u0142\u00f3wna","item":"https:\/\/medspot-torun.pl\/"},{"@type":"ListItem","position":2,"name":"lek. dent. Marcin Kusz"}]},{"@type":"WebSite","@id":"https:\/\/medspot-torun.pl\/#website","url":"https:\/\/medspot-torun.pl\/","name":"MedSpot","description":"gabinety medyczne","publisher":{"@id":"https:\/\/medspot-torun.pl\/#organization"},"potentialAction":[{"@type":"SearchAction","target":{"@type":"EntryPoint","urlTemplate":"https:\/\/medspot-torun.pl\/?s={search_term_string}"},"query-input":{"@type":"PropertyValueSpecification","valueRequired":true,"valueName":"search_term_string"}}],"inLanguage":"pl-PL"},{"@type":"Organization","@id":"https:\/\/medspot-torun.pl\/#organization","name":"MedSpot","url":"https:\/\/medspot-torun.pl\/","logo":{"@type":"ImageObject","inLanguage":"pl-PL","@id":"https:\/\/medspot-torun.pl\/#\/schema\/logo\/image\/","url":"https:\/\/medspot-torun.pl\/wp-content\/uploads\/2024\/09\/Srebrny-Kuchnia-Restauracja-Ulotka-e1730207827202.png","contentUrl":"https:\/\/medspot-torun.pl\/wp-content\/uploads\/2024\/09\/Srebrny-Kuchnia-Restauracja-Ulotka-e1730207827202.png","width":1413,"height":636,"caption":"MedSpot"},"image":{"@id":"https:\/\/medspot-torun.pl\/#\/schema\/logo\/image\/"}}]}},"_links":{"self":[{"href":"https:\/\/medspot-torun.pl\/index.php\/wp-json\/wp\/v2\/pages\/493","targetHints":{"allow":["GET"]}}],"collection":[{"href":"https:\/\/medspot-torun.pl\/index.php\/wp-json\/wp\/v2\/pages"}],"about":[{"href":"https:\/\/medspot-torun.pl\/index.php\/wp-json\/wp\/v2\/types\/page"}],"author":[{"embeddable":true,"href":"https:\/\/medspot-torun.pl\/index.php\/wp-json\/wp\/v2\/users\/1"}],"replies":[{"embeddable":true,"href":"https:\/\/medspot-torun.pl\/index.php\/wp-json\/wp\/v2\/comments?post=493"}],"version-history":[{"count":13,"href":"https:\/\/medspot-torun.pl\/index.php\/wp-json\/wp\/v2\/pages\/493\/revisions"}],"predecessor-version":[{"id":936,"href":"https:\/\/medspot-torun.pl\/index.php\/wp-json\/wp\/v2\/pages\/493\/revisions\/936"}],"wp:attachment":[{"href":"https:\/\/medspot-torun.pl\/index.php\/wp-json\/wp\/v2\/media?parent=493"}],"curies":[{"name":"wp","href":"https:\/\/api.w.org\/{rel}","templated":true}]}}